3?
2
What is the thousands digit of 1807421?
7
What is the hundred thousands digit of 15233129?
2
What is the ten thousands digit of 237105?
3
What is the thousands digit of 969780?
9
What is the units digit of 889208?
8
What is the ten thousands digit of 14579505?
7
What is the thousands digit of 2371784?
1
What is the tens digit of 16064716?
1
What is the hundreds digit of 1651884?
8
What is the hundreds digit of 3595324?
3
What is the hundreds digit of 57707?
7
What is the units digit of 17727734?
4
What is the hundreds digit of 1925280?
2
What is the units digit of 628197?
7
What is the ten thousands digit of 5922663?
2
What is the millions digit of 18937124?
8
What is the units digit of 1195297?
7
What is the thousands digit of 656629?
6
What is the units digit of 3553555?
5
What is the units digit of 421416?
6
What is the thousands digit of 31569001?
9
What is the hundred thousands digit of 932736?
9
What is the hundred thousands digit of 431906?
4
What is the hundred thousands digit of 155047?
1
What is the ten thousands digit of 5551448?
5
What is the thousands digit of 3064808?
4
What is the tens digit of 129205?
0
What is the hundreds digit of 538704?
7
What is the thousands digit of 67359?
7
What is the tens digit of 276895?
9
What is the ten thousands digit of 46499?
4
What is the ten thousands digit of 1218488?
1
What is the thousands digit of 10699331?
9
What is the thousands digit of 376205?
6
What is the units digit of 1476833?
3
What is the tens digit of 259009?
0
What is the hundreds digit of 4163822?
8
What is the hundred thousands digit of 22719393?
7
What is the ten thousands digit of 81660?
8
What is the units digit of 1106703?
3
What is the units digit of 349992?
2
What is the ten thousands digit of 7349881?
4
What is the ten thousands digit of 804902?
0
What is the ten thousands digit of 3861109?
6
What is the thousands digit of 305021?
5
What is the tens digit of 14435113?
1
What is the ten thousands digit of 585907?
8
What is the ten thousands digit of 2645356?
4
What is the units digit of 14612324?
4
What is the units digit of 264174?
4
What is the tens digit of 990324?
2
What is the hundreds digit of 2894782?
7
What is the tens digit of 72580?
8
What is the hundred thousands digit of 27231425?
2
What is the units digit of 8066389?
9
What is the ten thousands digit of 13716227?
1
What is the units digit of 665462?
2
What is the hundreds digit of 5631520?
5
What is the ten thousands digit of 158837?
5
What is the millions digit of 2682914?
2
What is the thousands digit of 11191824?
1
What is the ten thousands digit of 7353352?
5
What is the hundred thousands digit of 143958?
1
What is the hundred thousands digit of 1483259?
4
What is the hundreds digit of 3027040?
0
What is the hundreds digit of 4664782?
7
What is the thousands digit of 2193488?
3
What is the hundred thousands digit of 149142?
1
What is the ten thousands digit of 555858?
5
What is the hundreds digit of 512760?
7
What is the ten thousands digit of 90062?
9
What is the tens digit of 26634002?
0
What is the units digit of 10241418?
8
What is the hundreds digit of 3459036?
0
What is the hundred thousands digit of 1291634?
2
What is the hundreds digit of 17790802?
8
What is the hundreds digit of 5775965?
9
What is the hundreds digit of 71400?
4
What is the ten thousands digit of 285977?
8
What is the thousands digit of 4826128?
6
What is the thousands digit of 1552145?
2
What is the ten thousands digit of 933117?
3
What is the hundred thousands digit of 449710?
4
What is the thousands digit of 3707575?
7
What is the units digit of 1117285?
5
What is the hundred thousands digit of 3170491?
1
What is the tens digit of 84588?
8
What is the thousands digit of 4459052?
9
What is the units digit of 687965?
5
What is the tens digit of 25932217?
1
What is the millions digit of 5077705?
5
What is the ten thousands digit of 5759417?
5
What is the hundred thousands digit of 373276?
3
What is the tens digit of 169236?
3
What is the hundreds digit of 478236?
2
What is the hundreds digit of 222955?
9
What is the hundred thousands digit of 5018693?
0
What is the thousands digit of 370758?
0
What is the ten thousands digit of 264365?
6
What is the units digit of 542783?
3
What is the thousands digit of 111645?
1
What is the ten thousands digit of 744069?
4
What is the hundreds digit of 205818?
8
What is the hundreds digit of 7063533?
5
What is the units digit of 1092434?
4
What is the units digit of 8630525?
5
What is the hundreds digit of 155196?
1
What is the millions digit of 1748117?
1
What is the millions digit of 1266590?
1
What is the tens digit of 6625935?
3
What is the tens digit of 1196184?
8
What is the ten thousands digit of 43734?
4
What is the tens digit of 1894441?
4
What is the tens digit of 973535?
3
What is the hundred thousands digit of 3785237?
7
What is the tens digit of 29375009?
0
What is the hundred thousands digit of 1056146?
0
What is the tens digit of 484809?
0
What is the thousands digit of 168069?
8
What is the thousands digit of 767940?
7
What is the hundred thousands digit of 130540?
1
What is the ten thousands digit of 580634?
8
What is the tens digit of 2425302?
0
What is the hundreds digit of 15441283?
2
What is the thousands digit of 5094?
5
What is the hundred thousands digit of 14063028?
0
What is the hundreds digit of 183592?
5
What is the ten thousands digit of 5197467?
9
What is the units digit of 10893344?
4
What is the thousands digit of 188991?
8
What is the thousands digit of 120111?
0
What is the thousands digit of 5774128?
4
What is the ten thousands digit of 17231737?
3
What is the ten thousands digit of 1297990?
9
What is the tens digit of 3709264?
6
What is the millions digit of 19409006?
9
What is the tens digit of 353918?
1
What is the hundreds digit of 2983067?
0
What is the hundred thousands digit of 184611?
1
What is the hundred thousands digit of 843945?
8
What is the hundred thousands digit of 5217822?
2
What is the ten thousands digit of 28318490?
1
What is the hundreds digit of 12037171?
1
What is the units digit of 9997673?
3
What is the thousands digit of 1345224?
5
What is the hundred thousands digit of 38648138?
6
What is the ten thousands digit of 5390171?
9
What is the hundred thousands digit of 2194330?
1
What is the units digit of 9608?
8
What is the ten thousands digit of 1305951?
0
What is the hundreds digit of 106536?
5
What is the ten thousands digit of 6540892?
4
What is the thousands digit of 332142?
2
What is the tens digit of 1752144?
4
What is the thousands digit of 295266?
5
What is the hundred thousands digit of 388696?
3
What is the ten thousands digit of 202639?
0
What is the hundred thousands digit of 355767?
3
What is the hundred thousands digit of 16819294?
8
What is the units digit of 21662?
2
What is the units digit of 64879?
9
What is the hundred thousands digit of 535437?
5
What is the hundreds digit of 1596982?
9
What is the hundred thousands digit of 101168?
1
What is the ten thousands digit of 5177593?
7
What is the units digit of 965001?
1
What is the hundreds digit of 16313?
3
What is the hundreds digit of 600792?
7
What is the thousands digit of 9663423?
3
What is the tens digit of 3260044?
4
What is the hundreds digit of 16597487?
4
What is the hundreds digit of 5360490?
4
What is the units digit of 12802858?
8
What is the millions digit of 3267786?
3
What is the tens digit of 5976640?
4
What is the ten thousands digit of 48150?
4
What is the hundreds digit of 263350?
3
What is the ten millions digit of 24027824?
2
What is the tens digit of 2933733?
3
What is the millions digit of 2950353?
2
What is the hundreds digit of 2149011?
0
What is the hundreds digit of 11142726?
7
What is the thousands digit of 692204?
2
What is the thousands digit of 287743?
7
What is the hundreds digit of 364777?
7
What is the hundred thousands digit of 237130?
2
What is the ten thousands digit of 226019?
2
What is the units digit of 166373?
3
What is the millions digit of 1118587?
1
What is the millions digit of 2044924?
2
What is the thousands digit of 5976266?
6
What is the hundreds digit of 10315631?
6
What is the ten thousands digit of 44367175?
6
What is the hundreds digit of 2715132?
1
What 